{"id":2,"date":"2013-09-04T19:37:51","date_gmt":"2013-09-04T19:37:51","guid":{"rendered":"http:\/\/heimatbund.wuelfingen.de\/?page_id=2"},"modified":"2014-06-24T18:02:43","modified_gmt":"2014-06-24T18:02:43","slug":"sample-page","status":"publish","type":"page","link":"https:\/\/wuelfingen.de\/heimatbund\/?page_id=2","title":{"rendered":"Altersbestimmung unseres Dorfes"},"content":{"rendered":"<p>Eine Entscheidung \u00fcber das Alter eines Dorfes allein nach den Ortsnamen zu treffen ist unm\u00f6glich. Namen k\u00f6nnen sich im Laufe der Jahrhunderte ver\u00e4ndern, k\u00f6nnen verschwinden oder durch neue ersetzt werden.<\/p>\n<p>Den Ursprung W\u00fclfingen, \u00fcber den es keine Urkunde \u00fcber die Entstehung gibt, k\u00f6nnen wir nur mit Hilfe der Ortsnamensforschung das ungef\u00e4hre Alter und die Deutung unseres Heimatdorfes finden. Die Endsilbe = ingen weist auf die Zugeh\u00f6rigkeit einer Sippe hin. Die Endsilbe wird gern an Personennamen geh\u00e4ngt, um die Herkunft und die Abstammung anzudeuten. Sie wird auch bei Flurbezeichnungen angewandt, um diesen etwas Pers\u00f6nliches zu verleihen.<\/p>\n<p>Das Auftreten der Endsilben = ingen bedeutet ein besonders hohes Alter dieser D\u00f6rfer, wie zum Beispiel W\u00fclfingen. Ein Ortsname wurde fast immer gebildet, in dem ihre Endsilbe der Name der Gr\u00fcnder der Orte \/ D\u00f6rfer vorgesetzt wurde. Welche Bedeutung hat, f\u00fcr die Bestimmung des Alters die Endsilbe \u201edorf\u201c? Sie bedeutet nicht wie man fr\u00fcher annahm, die Siedlung eines Trupps, sondern soll soviel wie den bebauten Platz andeuten. Also ist die Endsilbe \u201edorf\u201c auch der beweis eines hohen Alters.<\/p>\n<p>Das Dorf W\u00fclfingen kann also durch die Gr\u00fcndung einer Sippe, die zur\u00fcckreicht in die Zeit, in der nach altgermanischer Weise die Familie oder Sippe noch gesondert wohnte, entstanden sein. Der \u00c4lteste, Ahnherr, Anf\u00fchrer war der Wulf, auf hochdeutsch der Wolf gewesen. \u00c4ltere Schreibweisen des Dorfes sind Wuluinge, Wluinge, Wolfingen, W\u00fclfingen. Ob und inwieweit die B\u00f6cke aus der Sippe des Wulf (Wolf) hervorgegangen sind, ist wohl nicht mehr nachweisbar.<\/p>\n<p>Offenbar besteht aber eine M\u00f6glichkeit von zusammenh\u00e4ngen, da die B\u00f6cke von W\u00fclfingen in ihrem Wappen zwei W\u00f6lfe auf goldenem Felde f\u00fchren. W\u00fclfingen ist der Stammsitz der Herrn von W\u00fclfingen, die sich sp\u00e4ter Bock von W\u00fclfingen nannten. Die ersten nachweisbaren Herrn von W\u00fclfingen waren Hermano de Wulvingen , der 1175 in einer Urkunde des Bischofs Adelog von Hildesheim als Zeuge erw\u00e4hnt wurde, 1186 ein Hermanus Bock und 1241 Hermann Bock von W\u00fclfingen. In dieser Zeit geh\u00f6rte W\u00fclfingen schon zum Besitz der B\u00f6cke.<\/p>\n","protected":false},"excerpt":{"rendered":"<p>Eine Entscheidung \u00fcber das Alter eines Dorfes allein nach den Ortsnamen zu treffen ist unm\u00f6glich. Namen k\u00f6nnen sich im Laufe der Jahrhunderte ver\u00e4ndern, k\u00f6nnen verschwinden oder durch neue ersetzt werden. Den Ursprung W\u00fclfingen, \u00fcber den es keine Urkunde \u00fcber die Entstehung gibt, k\u00f6nnen wir nur mit Hilfe der Ortsnamensforschung das ungef\u00e4hre Alter und die Deutung [&hellip;]<\/p>\n","protected":false},"author":1,"featured_media":0,"parent":0,"menu_order":0,"comment_status":"closed","ping_status":"closed","template":"","meta":{"footnotes":""},"class_list":["post-2","page","type-page","status-publish","hentry"],"_links":{"self":[{"href":"https:\/\/wuelfingen.de\/heimatbund\/index.php?rest_route=\/wp\/v2\/pages\/2","targetHints":{"allow":["GET"]}}],"collection":[{"href":"https:\/\/wuelfingen.de\/heimatbund\/index.php?rest_route=\/wp\/v2\/pages"}],"about":[{"href":"https:\/\/wuelfingen.de\/heimatbund\/index.php?rest_route=\/wp\/v2\/types\/page"}],"author":[{"embeddable":true,"href":"https:\/\/wuelfingen.de\/heimatbund\/index.php?rest_route=\/wp\/v2\/users\/1"}],"replies":[{"embeddable":true,"href":"https:\/\/wuelfingen.de\/heimatbund\/index.php?rest_route=%2Fwp%2Fv2%2Fcomments&post=2"}],"version-history":[{"count":3,"href":"https:\/\/wuelfingen.de\/heimatbund\/index.php?rest_route=\/wp\/v2\/pages\/2\/revisions"}],"predecessor-version":[{"id":15,"href":"https:\/\/wuelfingen.de\/heimatbund\/index.php?rest_route=\/wp\/v2\/pages\/2\/revisions\/15"}],"wp:attachment":[{"href":"https:\/\/wuelfingen.de\/heimatbund\/index.php?rest_route=%2Fwp%2Fv2%2Fmedia&parent=2"}],"curies":[{"name":"wp","href":"https:\/\/api.w.org\/{rel}","templated":true}]}}