{"id":17,"date":"2012-11-22T22:03:52","date_gmt":"2012-11-22T22:03:52","guid":{"rendered":"http:\/\/wuelfingen.de\/?page_id=17"},"modified":"2012-11-22T22:03:52","modified_gmt":"2012-11-22T22:03:52","slug":"heimatbund","status":"publish","type":"page","link":"https:\/\/wuelfingen.de\/wuelfingen\/heimatbund\/","title":{"rendered":"Heimatbund"},"content":{"rendered":"<p>Der Heimatbund W\u00fclfingen\u00a0wurde 1933 auf Initiative von Alfred Warnecke in W\u00fclfingen\u00a0als Heimatbund Niedersachsen &#8211; Ortsgruppe W\u00fclfingen gegr\u00fcndet.<\/p>\n<p>Das Ziel des Heimatbundes ist der Naturschutz, die Denkmalpflege, die Erhaltung aller Traditionen und die Weiterf\u00fchrung der Geschichte des Dorfes.<br \/>\nDas Buch mit der Chronik des Dorfes W\u00fclfingen ist beim Heimatbund erh\u00e4ltlich.<\/p>\n<p>1. Vorsitzender des Heimatbundes Ortsgruppe W\u00fclfingen ist Walter Heuer.<\/p>\n<p>Besuchen Sie auch die eigene Internetseite des Heimatbundes W\u00fclfingen unter\u00a0<a href=\"http:\/\/heimatbund.wuelfingen.de\/\" target=\"_blank\" rel=\"noopener\">heimatbund.wuelfingen.de<\/a>.<\/p>\n<hr \/>\n<p><b>Anstehende Termine\u00a0im W\u00fclfinger Veranstaltungskalender<\/b>:<\/p>\n<p><iframe loading=\"lazy\" style=\"border-width: 0;\" src=\"https:\/\/calendar.google.com\/calendar\/embed?showTitle=0&amp;showNav=0&amp;showDate=0&amp;showPrint=0&amp;showTabs=0&amp;showCalendars=0&amp;showTz=0&amp;mode=AGENDA&amp;height=600&amp;wkst=2&amp;bgcolor=%23FFFFFF&amp;src=5b2mldovdh58p98540cjqc622g%40group.calendar.google.com&amp;color=%23853104&amp;ctz=Europe%2FBerlin\" width=\"500\" height=\"500\" frameborder=\"0\" scrolling=\"no\"><\/iframe><\/p>\n","protected":false},"excerpt":{"rendered":"<p>Der Heimatbund W\u00fclfingen\u00a0wurde 1933 auf Initiative von Alfred Warnecke in W\u00fclfingen\u00a0als Heimatbund Niedersachsen &#8211; Ortsgruppe W\u00fclfingen gegr\u00fcndet. Das Ziel des Heimatbundes ist der Naturschutz, die Denkmalpflege, die Erhaltung aller Traditionen und die Weiterf\u00fchrung der Geschichte des Dorfes. Das Buch mit der Chronik des Dorfes W\u00fclfingen ist beim Heimatbund erh\u00e4ltlich. 1. Vorsitzender des Heimatbundes Ortsgruppe W\u00fclfingen &hellip; <a href=\"https:\/\/wuelfingen.de\/wuelfingen\/heimatbund\/\" class=\"more-link\"><span class=\"screen-reader-text\">\u201eHeimatbund\u201c<\/span> weiterlesen<\/a><\/p>\n","protected":false},"author":1,"featured_media":0,"parent":0,"menu_order":0,"comment_status":"closed","ping_status":"closed","template":"","meta":{"footnotes":""},"class_list":["post-17","page","type-page","status-publish","hentry"],"_links":{"self":[{"href":"https:\/\/wuelfingen.de\/wuelfingen\/wp-json\/wp\/v2\/pages\/17"}],"collection":[{"href":"https:\/\/wuelfingen.de\/wuelfingen\/wp-json\/wp\/v2\/pages"}],"about":[{"href":"https:\/\/wuelfingen.de\/wuelfingen\/wp-json\/wp\/v2\/types\/page"}],"author":[{"embeddable":true,"href":"https:\/\/wuelfingen.de\/wuelfingen\/wp-json\/wp\/v2\/users\/1"}],"replies":[{"embeddable":true,"href":"https:\/\/wuelfingen.de\/wuelfingen\/wp-json\/wp\/v2\/comments?post=17"}],"version-history":[{"count":0,"href":"https:\/\/wuelfingen.de\/wuelfingen\/wp-json\/wp\/v2\/pages\/17\/revisions"}],"wp:attachment":[{"href":"https:\/\/wuelfingen.de\/wuelfingen\/wp-json\/wp\/v2\/media?parent=17"}],"curies":[{"name":"wp","href":"https:\/\/api.w.org\/{rel}","templated":true}]}}